e number?
False
Is 29041 a prime number?
False
Is 630997 composite?
False
Is 123179 a prime number?
False
Is 409 prime?
True
Is 670987 a composite number?
False
Is 349493 prime?
True
Is 407 a composite number?
True
Is 559 a composite number?
True
Is 31587 a composite number?
True
Is 49403 prime?
False
Is 480239 composite?
True
Is 61331 composite?
False
Is 154237 a prime number?
False
Is 10301 prime?
True
Is 3979 composite?
True
Is 33407 a prime number?
False
Is 9871 prime?
True
Is 16223 a composite number?
False
Is 26801 a prime number?
True
Is 98653 prime?
False
Is 91991 prime?
False
Is 8053 composite?
False
Is 10729 a prime number?
True
Is 98051 composite?
True
Is 763999 prime?
True
Is 479 a prime number?
True
Is 3601 composite?
True
Is 107831 prime?
False
Is 27533 composite?
True
Is 64799 a composite number?
True
Is 50671 prime?
True
Is 231529 a prime number?
True
Is 37423 prime?
True
Is 3215381 prime?
False
Is 1249 a prime number?
True
Is 8263 a prime number?
True
Is 105587 prime?
False
Is 1552513 composite?
False
Is 341843 composite?
True
Is 29603 a prime number?
False
Is 96553 prime?
True
Is 213 a prime number?
False
Is 3989 a prime number?
True
Is 25739 a prime number?
False
Is 43 a composite number?
False
Is 767359 a composite number?
False
Is 1413979 prime?
False
Is 102967 prime?
True
Is 227869 a prime number?
True
Is 105319 prime?
True
Is 254285 a prime number?
False
Is 381937 prime?
True
Is 46297 a prime number?
False
Is 226691 prime?
True
Is 107441 a composite number?
False
Is 36033 a prime number?
False
Is 673 a composite number?
False
Is 269887 composite?
False
Is 205187 a prime number?
True
Is 1123345 prime?
False
Is 42587 prime?
False
Is 37619 prime?
True
Is 7343 a prime number?
False
Is 213247 prime?
True
Is 4426 prime?
False
Is 336119 composite?
True
Is 12829 a prime number?
True
Is 124045 a composite number?
True
Is 1157941 composite?
True
Is 40747 a composite number?
True
Is 102581 a prime number?
False
Is 232514 a prime number?
False
Is 43451 prime?
True
Is 7613 a prime number?
False
Is 283487 prime?
True
Is 29846 a prime number?
False
Is 6211 prime?
True
Is 795427 a composite number?
False
Is 4727 composite?
True
Is 451541 a prime number?
True
Is 9413 composite?
False
Is 14971 prime?
False
Is 158549 prime?
False
Is 417101 composite?
True
Is 71653 a composite number?
True
Is 108289 a prime number?
True
Is 160799 a composite number?
True
Is 85385 a prime number?
False
Is 75349 a prime number?
False
Is 41299 a composite number?
False
Is 65977 a composite number?
True
Is 519 a prime number?
False
Is 4201 a prime number?
True
Is 328961 a prime number?
True
Is 555649 a composite number?
True
Is 3071 composite?
True
Is 21461 prime?
False
Is 137591 a composite number?
True
Is 15101 prime?
True
Is 69614 composite?
True
Is 6326 a composite number?
True
Is 501659 a prime number?
True
Is 28102 prime?
False
Is 6349 prime?
False
Is 64763 prime?
True
Is 40837 prime?
False
Is 411143 prime?
True
Is 17291 a composite number?
False
Is 235715 a prime number?
False
Is 8509 prime?
False
Is 89293 a prime number?
True
Is 6791 a composite number?
False
Is 14371 prime?
False
Is 1969 prime?
False
Is 502685 prime?
False
Is 2182 composite?
True
Is 23713 prime?
False
Is 8795 a prime number?
False
Is 8571 a composite number?
True
Is 21687 prime?
False
Is 37369 a composite number?
False
Is 19 composite?
False
Is 3867881 a prime number?
True
Is 10477 composite?
False
Is 31987 a prime number?
False
Is 287303 prime?
False
Is 5227 a composite number?
False
Is 4574 a prime number?
False
Is 13837 a composite number?
True
Is 332081 a prime number?
True
Is 14563 a prime number?
True
Is 16447 a prime number?
True
Is 30593 composite?
False
Is 365831 prime?
False
Is 105899 a prime number?
True
Is 8263 a prime number?
True
Is 57317 composite?
True
Is 10565 prime?
False
Is 81919 prime?
True
Is 33967 composite?
False
Is 9133 a composite number?
False
Is 34223 prime?
False
Is 345659 composite?
False
Is 211346 a composite number?
True
Is 4749 a prime number?
False
Is 205729 a prime number?
False
Is 519431 a composite number?
True
Is 84893 prime?
False
Is 6839 prime?
False
Is 142501 composite?
False
Is 246161 a prime number?
False
Is 3758 composite?
True
Is 367953 prime?
False
Is 622819 composite?
True
Is 87593 composite?
True
Is 8579 composite?
True
Is 87313 composite?
False
Is 82997 composite?
False
Is 2999 composite?
False
Is 11699 prime?
True
Is 196801 prime?
False
Is 16757 prime?
False
Is 899083 prime?
False
Is 882823 a prime number?
True
Is 30203 composite?
False
Is 476193 composite?
True
Is 24713 prime?
False
Is 40497 a prime number?
False
Is 730493 composite?
True
Is 29905 prime?
False
Is 583283 composite?
True
Is 5615 a composite number?
True
Is 12515 a composite number?
True
Is 212281 composite?
False
Is 1101 a composite number?
True
Is 1316389 a composite number?
False
Is 542771 prime?
True
Is 199 composite?
False
Is 16673 prime?
True
Is 2548157 a prime number?
True
Is 11393 a composite number?
False
Is 681449 composite?
False
Is 25649 a composite number?
True
Is 68833 prime?
False
Is 5501 prime?
True
Is 1130273 a composite number?
False
Is 104021 a composite number?
False
Is 28286 a composite number?
True
Is 36371 composite?
True
Is 13081 a composite number?
True
Is 29083 a prime number?
False
Is 62669 a composite number?
True
Is 120223 a prime number?
True
Is 157991 prime?
True
Is 881837 prime?
False
Is 40343 prime?
True
Is 59197 composite?
False
Is 50845 composite?
True
Is 71273 a composite number?
True
Is 1540069 prime?
False
Is 1921 a prime number?
False
Is 111 a prime number?
False
Is 3205 a prime number?
False
Is 56659 a prime number?
True
Is 8485 a prime number?
False
Is 40801 composite?
False
Is 12223 a prime number?
False
Is 15527 a composite number?
False
Is 1183391 a prime number?
False
Is 1017343 a composite number?
True
Is 3715271 prime?
False
Is 470507 a prime number?
False
Is 4697081 composite?
False
Is 91253 composite?
False
Is 701 composite?
False
Is 446 composite?
True
Is 43611 prime?
False
Is 100333 prime?
True
Is 669745 a prime number?
False
Is 624829 a composite number?
False
Is 2459 composite?
False
Is 459883 prime?
True
Is 3641 prime?
False
Is 1133 a prime number?
False
Is 22931 composite?
True
Is 9527 prime?
False
Is 24933 prime?
False
Is 1415 a composite number?
True
Is 74615 a composite number?
True
Is 13093 composite?
False
Is 420593 prime?
True
Is 14594 prime?
False
Is 2126 a composite number?
True
Is 54869 a prime number?
True
Is 623071 composite?
False
Is 164779 a prime number?
False
Is 56501 a prime number?
True
Is 319147 composite?
False
Is 168145 prime?
False
Is 83591 a prime number?
True
Is 57367 composite?
False
Is 13765 composite?
True
Is 907673 a prime number?
False
Is 27949 prime?
False
Is 1814 a prime number?
False
Is 5497 a composite number?
True
Is 993091 prime?
False
Is 208457 a composite number?
False
Is 62329 a composite number?
True
Is 1359349 prime?
True
Is 166094 composite?
True
Is 21039 a composite number?
True
Is 47039 a composite number?
True
Is 675713 a prime number?
True
Is 913321 composite?
False
Is 1361 prime?
True
Is 588229 a composite number?
False
Is 919 prime?
True
Is 8263 prime?
True
Is 37483 a prime number?
True
Is 14471 composite?
True
Is 3593 a composite number?
False
Is 9759 prime?
False
Is 4079 composite?
False
Is 92585 a composite number?
True
Is 1261 a composite number?
True
Is 160289 composite?
True
Is 45007 prime?
True
Is 2176181 a prime number?
False
Is 9127 prime?
True
Is 68919 composite?
True
Is 171835 composite?
True
Is 2329499 prime?
True
Is 3593 prime?
True
Is 14867 prime?
True
Is 74549 a prime number?
False
Is 168743 composite?
False
Is 977909 a composite number?
True
Is 321679 composite?
False
Is 94553 composite?
True
Is 10517 composite?
True
Is 28553 a composite number?
True
Is 111913 prime?
True
Is 128342 composite?
True
Is 3109 a composite number?
False
Is 17197 a prime number?
False
Is 330479 a composite number?
True
Is 263363 a prime number?
False
Is 50503 composite?
False
Is 212977 a prime number?
False
Is 989 a composite number?
True
Is 3817303 composite?
True
Is 5123 a composite number?
True
Is 25097 prime?
True
Is 494101 a prime number?
True
Is 4081627 prime?
False
Is 8